Dati Storici Stazione Meteo - Stile NOAA
Seleziona il Report di un Mese o un Anno
2024: Gen Feb Mar Apr Mag Giu Lug Ago Set Ott Nov Dic
2023: Gen Feb Mar Apr Mag Giu Lug Ago Set Ott Nov Dic
2022: Gen Feb Mar Apr Mag Giu Lug Ago Set Ott Nov Dic
2021: Gen Feb Mar Apr Mag Giu Lug Ago Set Ott Nov Dic
2020: Gen Feb Mar Apr Mag Giu Lug Ago Set Ott Nov Dic
2019: Gen Feb Mar Apr Mag Giu Lug Ago Set Ott Nov Dic
2018: Gen Feb Mar Apr Mag Giu Lug Ago Set Ott Nov Dic
2024: Gen Feb Mar Apr Mag Giu Lug Ago Set Ott Nov Dic
2023: Gen Feb Mar Apr Mag Giu Lug Ago Set Ott Nov Dic
2022: Gen Feb Mar Apr Mag Giu Lug Ago Set Ott Nov Dic
2021: Gen Feb Mar Apr Mag Giu Lug Ago Set Ott Nov Dic
2020: Gen Feb Mar Apr Mag Giu Lug Ago Set Ott Nov Dic
2019: Gen Feb Mar Apr Mag Giu Lug Ago Set Ott Nov Dic
2018: Gen Feb Mar Apr Mag Giu Lug Ago Set Ott Nov Dic
Report for 2023 Settembre
MONTHLY CLIMATOLOGICAL SUMMARY for SEP. 2023 NAME: Borgovilla CITY: Barletta STATE: Italia ELEV: 34 m LAT: 41° 18' 00" N LONG: 16° 18' 00" E TEMPERATURE (°C), RAIN (mm), WIND SPEED (km/hr) HEAT COOL AVG MEAN DEG DEG WIND DOM DAY TEMP HIGH TIME LOW TIME DAYS DAYS RAIN SPEED HIGH TIME DIR ------------------------------------------------------------------------------------ 1 22.5 26.1 15:50 17.5 6:29 0.0 4.2 0.0 10.0 29.0 14:11 SW 2 22.8 27.1 16:23 17.7 7:00 0.0 4.5 0.0 8.5 25.7 14:26 SW 3 23.7 28.7 13:29 17.6 4:20 0.0 5.4 0.0 11.3 29.0 20:42 SW 4 24.9 26.2 14:52 23.0 1:47 0.0 6.6 0.0 26.6 69.2 23:02 N 5 25.2 26.3 13:22 24.1 6:16 0.0 6.9 0.0 28.0 69.2 1:37 NNE 6 24.4 26.8 13:58 19.7 6:53 0.0 6.1 0.0 13.2 43.5 16:45 NNE 7 23.9 27.4 15:15 20.4 2:35 0.0 5.7 0.0 11.4 33.8 14:51 SW 8 23.7 26.8 14:40 19.8 6:35 0.0 5.4 0.0 12.2 32.2 14:54 SW 9 23.8 28.2 12:00 19.9 5:23 0.0 5.5 0.0 10.5 32.2 15:28 SW 10 23.5 27.8 14:00 19.6 6:41 0.0 5.2 0.0 11.1 29.0 8:29 SW 11 23.6 29.6 11:50 19.3 6:12 0.0 5.3 0.0 11.3 30.6 14:27 SW 12 23.1 28.1 17:26 16.3 5:42 0.1 4.8 0.0 9.5 35.4 16:44 ESE 13 23.8 29.6 11:52 16.6 7:09 0.1 5.5 0.0 9.7 25.7 1:30 SW 14 23.8 27.1 12:05 21.1 0:01 0.0 5.5 0.0 7.9 24.1 0:26 WSW 15 23.3 26.1 13:45 19.7 3:59 0.0 5.0 0.0 8.4 29.0 16:34 E 16 23.1 25.4 10:26 20.6 2:01 0.0 4.8 0.0 8.5 27.4 15:13 SW 17 23.3 26.7 15:39 18.3 6:45 0.0 5.0 0.0 7.4 24.1 14:44 SW 18 24.8 28.9 15:03 19.9 4:09 0.0 6.6 0.0 9.0 32.2 16:02 E 19 27.5 35.0 12:43 22.6 2:51 0.0 9.2 0.0 10.0 37.0 10:19 WSW 20 24.5 27.2 17:17 20.9 4:33 0.0 6.2 0.0 8.4 27.4 20:04 SW 21 24.8 28.6 13:57 20.2 8:41 0.0 6.5 1.0 9.7 56.3 7:17 WSW 22 26.4 30.1 14:35 21.5 3:46 0.0 8.2 0.0 7.6 33.8 15:15 E 23 23.6 28.6 0:07 18.7 23:56 0.0 5.3 19.0 9.2 59.5 14:40 SSE 24 19.1 23.2 14:31 16.6 6:57 0.4 1.2 0.0 19.6 43.5 3:12 WSW 25 19.9 23.6 15:39 15.3 6:45 0.8 2.4 0.0 18.8 41.8 22:01 WSW 26 23.1 26.0 14:58 19.6 6:34 0.0 4.8 0.0 17.5 46.7 5:26 NNE 27 21.9 26.9 12:57 18.3 7:16 0.0 3.7 0.0 13.4 33.8 8:23 SW 28 21.3 25.5 11:43 16.9 6:41 0.2 3.2 0.0 10.5 25.7 9:02 SW 29 21.0 25.0 13:46 16.8 7:13 0.2 2.9 0.0 10.6 29.0 9:28 SW 30 21.4 26.7 13:24 17.1 7:10 0.1 3.3 0.0 12.4 37.0 9:29 SW ------------------------------------------------------------------------------------- 23.4 35.0 19 15.3 25 2.0 154.9 20.0 12.1 69.2 4 SW Max >= 32.0: 1 Max <= 0.0: 0 Min <= 0.0: 0 Min <= -18.0: 0 Max Rain: 19.00 ON 23/09/23 Days of Rain: 2 (> .2 mm) 1 (> 2 mm) 0 (> 20 mm) Heat Base: 18.3 Cool Base: 18.3 Method: Integration