Dati Storici Stazione Meteo - Stile NOAA
Seleziona il Report di un Mese o un Anno
2024: Gen Feb Mar Apr Mag Giu Lug Ago Set Ott Nov Dic
2023: Gen Feb Mar Apr Mag Giu Lug Ago Set Ott Nov Dic
2022: Gen Feb Mar Apr Mag Giu Lug Ago Set Ott Nov Dic
2021: Gen Feb Mar Apr Mag Giu Lug Ago Set Ott Nov Dic
2020: Gen Feb Mar Apr Mag Giu Lug Ago Set Ott Nov Dic
2019: Gen Feb Mar Apr Mag Giu Lug Ago Set Ott Nov Dic
2018: Gen Feb Mar Apr Mag Giu Lug Ago Set Ott Nov Dic
2024: Gen Feb Mar Apr Mag Giu Lug Ago Set Ott Nov Dic
2023: Gen Feb Mar Apr Mag Giu Lug Ago Set Ott Nov Dic
2022: Gen Feb Mar Apr Mag Giu Lug Ago Set Ott Nov Dic
2021: Gen Feb Mar Apr Mag Giu Lug Ago Set Ott Nov Dic
2020: Gen Feb Mar Apr Mag Giu Lug Ago Set Ott Nov Dic
2019: Gen Feb Mar Apr Mag Giu Lug Ago Set Ott Nov Dic
2018: Gen Feb Mar Apr Mag Giu Lug Ago Set Ott Nov Dic
Report for 2023 Agosto
MONTHLY CLIMATOLOGICAL SUMMARY for AUG. 2023 NAME: Borgovilla CITY: Barletta STATE: Italia ELEV: 34 m LAT: 41° 18' 00" N LONG: 16° 18' 00" E TEMPERATURE (°C), RAIN (mm), WIND SPEED (km/hr) HEAT COOL AVG MEAN DEG DEG WIND DOM DAY TEMP HIGH TIME LOW TIME DAYS DAYS RAIN SPEED HIGH TIME DIR ------------------------------------------------------------------------------------ 1 27.6 31.3 17:47 21.6 6:12 0.0 9.2 0.0 11.1 41.8 21:31 WSW 2 28.4 32.9 17:04 24.6 1:11 0.0 10.1 0.0 17.1 45.1 3:29 WSW 3 27.7 30.7 10:28 23.0 5:56 0.0 9.4 0.0 13.2 41.8 15:20 E 4 28.7 32.6 19:36 24.3 6:32 0.0 10.4 0.2 9.3 41.8 14:34 E 5 23.6 28.1 0:15 19.7 23:59 0.0 5.2 2.6 13.7 54.7 0:44 WSW 6 24.5 31.2 15:27 18.1 5:56 0.0 6.2 0.0 18.7 56.3 15:47 WSW 7 23.3 27.7 12:12 20.0 20:17 0.0 5.0 0.4 16.3 38.6 15:01 WSW 8 22.6 25.7 16:40 18.4 6:22 0.0 4.3 0.0 13.5 30.6 4:41 WSW 9 22.6 27.1 16:42 16.8 5:07 0.2 4.4 0.0 10.1 29.0 16:02 SSW 10 24.2 28.4 12:26 18.1 2:44 0.0 5.8 0.0 9.7 30.6 13:56 SW 11 24.1 27.3 11:15 19.2 5:59 0.0 5.8 0.0 14.3 41.8 18:47 SW 12 23.7 26.7 17:30 20.1 2:03 0.0 5.4 0.0 15.0 33.8 9:56 WSW 13 23.4 27.8 11:40 17.7 4:50 0.0 5.2 0.0 11.9 33.8 16:05 SW 14 23.9 27.7 11:59 19.1 6:00 0.0 5.6 0.0 10.6 27.4 14:21 SW 15 24.9 29.4 11:18 20.6 5:39 0.0 6.6 0.0 12.2 37.0 14:44 SW 16 25.7 29.1 12:33 21.4 5:27 0.0 7.4 0.0 10.8 33.8 15:40 SW 17 26.0 30.7 11:14 21.7 4:49 0.0 7.7 0.0 14.5 35.4 9:11 WSW 18 26.6 32.0 12:53 22.1 5:05 0.0 8.3 0.0 13.5 37.0 8:19 WSW 19 27.4 31.7 14:49 23.8 6:42 0.0 9.1 0.0 14.0 32.2 8:25 WSW 20 27.2 30.5 12:47 23.9 3:10 0.0 8.9 0.0 14.5 35.4 16:12 WSW 21 28.2 32.5 11:43 24.5 6:05 0.0 9.9 0.0 11.4 29.0 8:29 SW 22 27.8 31.6 11:35 24.3 23:33 0.0 9.6 0.0 11.7 32.2 2:55 SW 23 27.7 32.9 11:45 23.8 3:35 0.0 9.4 0.0 11.3 32.2 8:45 SW 24 28.8 35.0 12:29 23.6 5:28 0.0 10.5 0.0 10.6 29.0 15:54 SW 25 28.3 33.0 11:14 22.8 6:58 0.0 10.0 0.0 9.0 27.4 13:05 SW 26 28.4 32.2 13:10 23.1 4:57 0.0 10.1 0.0 8.9 32.2 16:46 E 27 29.1 33.3 19:16 24.4 6:18 0.0 10.8 0.0 9.3 40.2 16:26 E 28 28.4 36.6 13:04 23.4 6:41 0.0 10.1 0.0 13.4 64.4 17:36 WSW 29 23.8 27.6 16:24 20.6 23:56 0.0 5.4 0.0 20.3 70.8 13:49 WSW 30 23.0 28.5 14:15 18.1 3:26 0.0 4.7 0.8 17.1 67.6 15:28 WSW 31 22.4 26.1 13:41 17.4 7:18 0.0 4.1 0.0 13.0 35.4 9:15 WSW ------------------------------------------------------------------------------------- 25.9 36.6 28 16.8 9 0.2 234.7 4.0 12.9 70.8 29 WSW Max >= 32.0: 10 Max <= 0.0: 0 Min <= 0.0: 0 Min <= -18.0: 0 Max Rain: 2.59 ON 05/08/23 Days of Rain: 4 (> .2 mm) 1 (> 2 mm) 0 (> 20 mm) Heat Base: 18.3 Cool Base: 18.3 Method: Integration