Dati Storici Stazione Meteo - Stile NOAA
Seleziona il Report di un Mese o un Anno
2024: Gen Feb Mar Apr Mag Giu Lug Ago Set Ott Nov Dic
2023: Gen Feb Mar Apr Mag Giu Lug Ago Set Ott Nov Dic
2022: Gen Feb Mar Apr Mag Giu Lug Ago Set Ott Nov Dic
2021: Gen Feb Mar Apr Mag Giu Lug Ago Set Ott Nov Dic
2020: Gen Feb Mar Apr Mag Giu Lug Ago Set Ott Nov Dic
2019: Gen Feb Mar Apr Mag Giu Lug Ago Set Ott Nov Dic
2018: Gen Feb Mar Apr Mag Giu Lug Ago Set Ott Nov Dic
2024: Gen Feb Mar Apr Mag Giu Lug Ago Set Ott Nov Dic
2023: Gen Feb Mar Apr Mag Giu Lug Ago Set Ott Nov Dic
2022: Gen Feb Mar Apr Mag Giu Lug Ago Set Ott Nov Dic
2021: Gen Feb Mar Apr Mag Giu Lug Ago Set Ott Nov Dic
2020: Gen Feb Mar Apr Mag Giu Lug Ago Set Ott Nov Dic
2019: Gen Feb Mar Apr Mag Giu Lug Ago Set Ott Nov Dic
2018: Gen Feb Mar Apr Mag Giu Lug Ago Set Ott Nov Dic
Report for 2023 Luglio
MONTHLY CLIMATOLOGICAL SUMMARY for JUL. 2023 NAME: Borgovilla CITY: Barletta STATE: Italia ELEV: 34 m LAT: 41° 18' 00" N LONG: 16° 18' 00" E TEMPERATURE (°C), RAIN (mm), WIND SPEED (km/hr) HEAT COOL AVG MEAN DEG DEG WIND DOM DAY TEMP HIGH TIME LOW TIME DAYS DAYS RAIN SPEED HIGH TIME DIR ------------------------------------------------------------------------------------ 1 24.3 30.0 17:29 20.1 7:36 0.0 6.1 9.6 13.7 49.9 7:13 WSW 2 23.6 26.4 11:25 19.6 6:21 0.0 5.2 0.0 13.2 32.2 1:05 WSW 3 25.2 28.6 17:51 20.9 6:25 0.0 6.9 0.0 11.4 35.4 15:35 E 4 25.4 28.8 15:32 20.9 4:40 0.0 7.1 0.0 14.0 38.6 0:48 WSW 5 25.3 28.6 11:28 21.8 5:43 0.0 7.0 0.0 11.3 33.8 14:33 WSW 6 26.2 30.2 10:36 22.0 4:45 0.0 7.9 0.0 11.7 35.4 13:46 WSW 7 25.7 29.4 11:00 22.3 4:14 0.0 7.4 0.0 15.3 38.6 13:59 WSW 8 25.2 28.9 11:18 21.3 5:14 0.0 6.8 0.0 13.2 33.8 2:01 WSW 9 25.9 30.2 12:26 19.9 5:14 0.0 7.6 0.0 8.9 29.0 16:07 SW 10 26.7 30.8 10:31 22.3 4:42 0.0 8.4 0.0 12.7 32.2 6:55 WSW 11 27.9 32.4 18:17 21.9 4:17 0.0 9.6 0.0 8.2 29.0 13:18 ESE 12 30.4 37.0 19:21 23.6 3:35 0.0 12.1 0.0 9.2 37.0 14:48 E 13 33.2 40.1 14:53 25.8 3:58 0.0 14.8 0.0 17.1 57.9 22:12 WSW 14 28.8 33.7 11:51 26.0 4:53 0.0 10.4 0.0 15.1 37.0 0:17 SW 15 28.2 31.4 14:50 23.2 4:29 0.0 9.8 0.0 8.5 27.4 14:55 SW 16 29.1 33.9 16:24 23.4 5:38 0.0 10.8 0.0 8.5 25.7 15:53 WSW 17 29.8 33.2 10:32 23.8 4:24 0.0 11.5 0.0 9.0 29.0 17:03 SW 18 30.3 36.9 11:49 24.8 6:10 0.0 12.0 0.0 9.5 33.8 12:22 WSW 19 31.2 35.8 18:11 23.7 5:51 0.0 12.8 0.0 9.8 41.8 13:57 E 20 31.3 36.2 11:18 27.6 23:55 0.0 13.0 0.0 14.5 40.2 5:49 WSW 21 31.5 39.6 18:25 25.7 1:43 0.0 13.2 0.0 7.9 29.0 14:59 WSW 22 31.2 36.7 13:02 26.1 5:10 0.0 12.9 0.0 13.8 40.2 11:22 WSW 23 30.1 33.0 13:32 25.5 5:57 0.0 11.7 0.0 11.6 32.2 15:29 WSW 24 31.9 38.0 15:24 25.4 5:13 0.0 13.6 0.0 9.0 38.6 16:02 E 25 34.6 42.1 14:45 27.1 3:19 0.0 16.3 0.0 16.6 64.4 15:26 SW 26 27.6 31.4 14:38 23.1 23:49 0.0 9.2 0.6 22.4 66.0 9:02 WSW 27 24.8 27.2 14:16 21.8 6:18 0.0 6.5 0.0 14.5 37.0 12:36 WSW 28 25.4 30.6 18:46 19.2 4:47 0.0 7.1 0.0 10.3 37.0 14:48 E 29 26.3 29.1 16:44 22.5 4:46 0.0 8.0 0.0 11.9 30.6 15:44 WSW 30 27.6 31.8 15:50 22.1 5:27 0.0 9.3 0.0 10.3 32.2 16:26 E 31 26.7 29.2 19:24 23.4 4:39 0.0 8.4 0.0 10.8 30.6 13:54 WSW ------------------------------------------------------------------------------------- 28.1 42.1 25 19.2 28 0.0 303.9 10.2 12.1 66.0 26 WSW Max >= 32.0: 14 Max <= 0.0: 0 Min <= 0.0: 0 Min <= -18.0: 0 Max Rain: 9.60 ON 01/07/23 Days of Rain: 2 (> .2 mm) 1 (> 2 mm) 0 (> 20 mm) Heat Base: 18.3 Cool Base: 18.3 Method: Integration