Dati Storici Stazione Meteo - Stile NOAA
Seleziona il Report di un Mese o un Anno
2024: Gen Feb Mar Apr Mag Giu Lug Ago Set Ott Nov Dic
2023: Gen Feb Mar Apr Mag Giu Lug Ago Set Ott Nov Dic
2022: Gen Feb Mar Apr Mag Giu Lug Ago Set Ott Nov Dic
2021: Gen Feb Mar Apr Mag Giu Lug Ago Set Ott Nov Dic
2020: Gen Feb Mar Apr Mag Giu Lug Ago Set Ott Nov Dic
2019: Gen Feb Mar Apr Mag Giu Lug Ago Set Ott Nov Dic
2018: Gen Feb Mar Apr Mag Giu Lug Ago Set Ott Nov Dic
2024: Gen Feb Mar Apr Mag Giu Lug Ago Set Ott Nov Dic
2023: Gen Feb Mar Apr Mag Giu Lug Ago Set Ott Nov Dic
2022: Gen Feb Mar Apr Mag Giu Lug Ago Set Ott Nov Dic
2021: Gen Feb Mar Apr Mag Giu Lug Ago Set Ott Nov Dic
2020: Gen Feb Mar Apr Mag Giu Lug Ago Set Ott Nov Dic
2019: Gen Feb Mar Apr Mag Giu Lug Ago Set Ott Nov Dic
2018: Gen Feb Mar Apr Mag Giu Lug Ago Set Ott Nov Dic
Report for 2023 Aprile
MONTHLY CLIMATOLOGICAL SUMMARY for APR. 2023 NAME: Borgovilla CITY: Barletta STATE: Italia ELEV: 34 m LAT: 41° 18' 00" N LONG: 16° 18' 00" E TEMPERATURE (°C), RAIN (mm), WIND SPEED (km/hr) HEAT COOL AVG MEAN DEG DEG WIND DOM DAY TEMP HIGH TIME LOW TIME DAYS DAYS RAIN SPEED HIGH TIME DIR ------------------------------------------------------------------------------------ 1 16.2 20.8 12:54 12.9 5:04 2.3 0.2 0.0 17.2 66.0 11:25 WSW 2 13.7 16.6 10:56 8.6 7:03 4.6 0.0 0.0 11.1 30.6 14:39 SW 3 13.9 14.8 9:32 11.2 5:46 4.4 0.0 0.0 28.2 69.2 15:26 N 4 10.4 12.9 0:01 7.1 22:00 7.9 0.0 2.4 20.4 54.7 2:19 N 5 9.2 11.6 12:11 5.9 5:17 9.1 0.0 0.0 14.0 32.2 0:51 WSW 6 8.9 12.2 16:04 6.1 7:12 9.4 0.0 0.0 19.2 54.7 11:08 WSW 7 10.1 13.8 13:23 5.2 5:26 8.2 0.0 0.0 15.0 32.2 3:22 SW 8 10.4 15.1 15:43 6.6 3:52 7.9 0.0 3.2 9.2 40.2 13:34 SSW 9 9.8 13.4 18:15 7.5 3:24 8.5 0.0 11.6 6.9 27.4 11:52 WSW 10 10.0 13.9 18:03 7.1 6:50 7.3 0.0 2.8 17.7 40.2 14:26 WSW 11 12.3 17.1 16:09 7.9 6:34 5.9 0.0 0.0 14.5 37.0 8:28 WSW 12 15.3 19.1 13:48 11.6 6:31 3.0 0.0 0.0 15.4 35.4 2:16 WSW 13 17.4 25.2 13:45 9.8 6:02 2.5 1.6 0.0 11.7 61.2 23:37 WSW 14 13.3 16.4 15:04 10.4 6:54 5.0 0.0 0.0 29.0 85.3 10:03 WSW 15 12.6 18.7 13:06 8.4 3:18 5.8 0.0 6.0 10.9 43.5 11:09 WSW 16 11.9 15.1 14:24 8.9 3:51 6.3 0.0 20.6 8.5 35.4 14:38 ENE 17 12.2 14.2 15:49 10.4 23:56 6.1 0.0 17.4 9.5 30.6 7:39 N 18 13.3 16.8 14:58 10.4 0:05 5.0 0.0 1.0 10.9 29.0 8:05 SW 19 14.2 18.4 16:13 10.1 6:43 4.1 0.0 0.0 11.7 32.2 8:14 WSW 20 14.3 18.4 14:55 9.4 6:48 4.0 0.0 0.0 9.8 41.8 16:49 E 21 13.6 17.3 19:09 8.2 5:25 4.7 0.0 0.0 7.6 25.7 14:21 SW 22 15.4 20.2 13:59 11.1 1:35 3.1 0.2 0.0 11.6 32.2 8:42 SW 23 16.3 21.4 14:24 9.6 5:24 2.6 0.6 0.0 7.9 30.6 15:49 S 24 16.7 21.4 15:51 12.7 6:32 2.0 0.4 0.4 13.0 53.1 14:59 WSW 25 17.2 22.9 15:54 12.3 6:29 2.0 0.9 0.0 17.5 53.1 22:24 WSW 26 14.4 18.0 17:06 10.7 23:50 3.9 0.0 0.0 18.2 51.5 7:16 W 27 13.7 18.3 16:47 6.9 6:20 4.6 0.0 0.0 8.7 25.7 13:36 SW 28 15.4 20.4 17:59 8.9 5:46 3.3 0.4 0.0 9.2 32.2 14:30 SW 29 17.0 21.9 14:09 12.7 3:10 2.0 0.7 1.6 10.3 33.8 8:48 SW 30 15.3 16.8 16:14 13.6 7:48 3.0 0.0 4.8 6.3 22.5 14:42 E ------------------------------------------------------------------------------------- 13.5 25.2 13 5.2 7 148.5 5.0 71.8 13.4 85.3 14 WSW Max >= 32.0: 0 Max <= 0.0: 0 Min <= 0.0: 0 Min <= -18.0: 0 Max Rain: 20.60 ON 16/04/23 Days of Rain: 11 (> .2 mm) 8 (> 2 mm) 1 (> 20 mm) Heat Base: 18.3 Cool Base: 18.3 Method: Integration