Dati Storici Stazione Meteo - Stile NOAA
Seleziona il Report di un Mese o un Anno
2024: Gen Feb Mar Apr Mag Giu Lug Ago Set Ott Nov Dic
2023: Gen Feb Mar Apr Mag Giu Lug Ago Set Ott Nov Dic
2022: Gen Feb Mar Apr Mag Giu Lug Ago Set Ott Nov Dic
2021: Gen Feb Mar Apr Mag Giu Lug Ago Set Ott Nov Dic
2020: Gen Feb Mar Apr Mag Giu Lug Ago Set Ott Nov Dic
2019: Gen Feb Mar Apr Mag Giu Lug Ago Set Ott Nov Dic
2018: Gen Feb Mar Apr Mag Giu Lug Ago Set Ott Nov Dic
2024: Gen Feb Mar Apr Mag Giu Lug Ago Set Ott Nov Dic
2023: Gen Feb Mar Apr Mag Giu Lug Ago Set Ott Nov Dic
2022: Gen Feb Mar Apr Mag Giu Lug Ago Set Ott Nov Dic
2021: Gen Feb Mar Apr Mag Giu Lug Ago Set Ott Nov Dic
2020: Gen Feb Mar Apr Mag Giu Lug Ago Set Ott Nov Dic
2019: Gen Feb Mar Apr Mag Giu Lug Ago Set Ott Nov Dic
2018: Gen Feb Mar Apr Mag Giu Lug Ago Set Ott Nov Dic
Report for 2023 Marzo
MONTHLY CLIMATOLOGICAL SUMMARY for MAR. 2023 NAME: Borgovilla CITY: Barletta STATE: Italia ELEV: 34 m LAT: 41° 18' 00" N LONG: 16° 18' 00" E TEMPERATURE (°C), RAIN (mm), WIND SPEED (km/hr) HEAT COOL AVG MEAN DEG DEG WIND DOM DAY TEMP HIGH TIME LOW TIME DAYS DAYS RAIN SPEED HIGH TIME DIR ------------------------------------------------------------------------------------ 1 10.4 13.9 15:48 7.3 23:48 7.9 0.0 4.8 6.0 32.2 5:19 SW 2 8.9 13.9 12:39 4.2 3:07 9.4 0.0 1.8 7.7 27.4 11:31 SW 3 9.9 12.8 17:37 3.8 6:13 8.3 0.0 0.0 8.7 32.2 18:14 ENE 4 10.1 11.7 0:04 8.0 22:28 8.2 0.0 15.4 15.0 43.5 1:27 N 5 10.4 14.4 16:44 6.9 6:10 7.9 0.0 0.0 10.8 37.0 8:11 WSW 6 11.3 16.3 13:52 7.2 4:27 7.0 0.0 0.0 13.2 43.5 14:45 SW 7 12.2 17.4 15:15 7.1 0:48 6.1 0.0 0.0 14.3 43.5 15:39 SW 8 14.4 19.3 15:08 10.1 0:08 3.9 0.1 0.0 12.1 48.3 15:58 SW 9 16.8 22.0 14:44 12.5 2:20 2.1 0.6 0.0 15.1 57.9 14:51 WSW 10 17.0 21.7 11:57 13.7 22:21 1.9 0.6 0.0 23.0 75.6 18:56 WSW 11 15.6 20.3 13:32 12.2 2:55 2.8 0.1 0.0 15.1 56.3 10:34 WSW 12 11.8 14.2 15:06 7.7 23:24 6.5 0.0 7.0 7.6 35.4 9:36 NNE 13 13.0 19.0 14:40 6.9 6:23 5.3 0.0 0.0 8.7 27.4 16:34 SW 14 16.0 22.9 14:39 10.7 5:11 3.0 0.7 0.0 7.4 40.2 15:02 SSE 15 11.9 14.8 10:05 7.7 23:48 6.4 0.0 0.6 24.5 82.1 13:25 WSW 16 10.4 12.3 11:51 6.4 3:54 7.9 0.0 0.0 23.2 57.9 18:02 NNW 17 9.2 12.4 16:02 3.9 5:21 9.0 0.0 0.0 11.9 43.5 1:54 N 18 9.0 14.3 15:58 1.8 6:04 9.3 0.0 0.0 7.4 25.7 14:32 SSW 19 11.1 15.7 15:46 4.5 4:56 7.2 0.0 0.0 7.6 27.4 14:42 SW 20 12.7 16.4 14:51 7.4 5:41 5.6 0.0 0.4 4.8 19.3 13:19 WSW 21 11.6 13.8 15:18 9.2 23:47 6.8 0.0 10.8 7.6 24.1 13:41 SW 22 13.1 17.8 14:00 8.9 2:42 5.2 0.0 0.0 11.3 29.0 7:55 SW 23 13.8 19.1 14:19 7.1 6:09 4.5 0.0 0.0 8.9 25.7 16:06 SW 24 16.0 21.6 11:38 11.0 4:16 2.6 0.3 0.0 11.9 30.6 8:38 SW 25 16.6 23.4 13:31 12.8 22:02 2.4 0.7 0.0 17.2 49.9 10:08 WSW 26 16.2 20.8 12:53 11.8 5:00 2.3 0.3 0.0 13.5 40.2 12:32 SW 27 13.6 17.7 10:43 9.6 23:41 4.7 0.0 5.0 17.2 64.4 11:21 WSW 28 9.9 12.7 15:46 5.3 00:00 8.3 0.0 0.8 20.4 57.9 12:33 W 29 11.3 17.8 16:54 4.7 3:19 7.0 0.0 0.0 14.8 46.7 12:39 SW 30 13.4 17.8 12:58 8.5 7:03 4.8 0.0 0.0 13.4 33.8 9:16 WSW 31 16.6 22.4 13:17 10.6 4:12 2.5 0.8 0.0 12.4 41.8 10:21 WSW ------------------------------------------------------------------------------------- 12.7 23.4 25 1.8 18 176.8 4.3 46.6 12.7 82.1 15 SW Max >= 32.0: 0 Max <= 0.0: 0 Min <= 0.0: 0 Min <= -18.0: 0 Max Rain: 15.39 ON 04/03/23 Days of Rain: 9 (> .2 mm) 5 (> 2 mm) 0 (> 20 mm) Heat Base: 18.3 Cool Base: 18.3 Method: Integration