Dati Storici Stazione Meteo - Stile NOAA
Seleziona il Report di un Mese o un Anno
2024: Gen Feb Mar Apr Mag Giu Lug Ago Set Ott Nov Dic
2023: Gen Feb Mar Apr Mag Giu Lug Ago Set Ott Nov Dic
2022: Gen Feb Mar Apr Mag Giu Lug Ago Set Ott Nov Dic
2021: Gen Feb Mar Apr Mag Giu Lug Ago Set Ott Nov Dic
2020: Gen Feb Mar Apr Mag Giu Lug Ago Set Ott Nov Dic
2019: Gen Feb Mar Apr Mag Giu Lug Ago Set Ott Nov Dic
2018: Gen Feb Mar Apr Mag Giu Lug Ago Set Ott Nov Dic
2024: Gen Feb Mar Apr Mag Giu Lug Ago Set Ott Nov Dic
2023: Gen Feb Mar Apr Mag Giu Lug Ago Set Ott Nov Dic
2022: Gen Feb Mar Apr Mag Giu Lug Ago Set Ott Nov Dic
2021: Gen Feb Mar Apr Mag Giu Lug Ago Set Ott Nov Dic
2020: Gen Feb Mar Apr Mag Giu Lug Ago Set Ott Nov Dic
2019: Gen Feb Mar Apr Mag Giu Lug Ago Set Ott Nov Dic
2018: Gen Feb Mar Apr Mag Giu Lug Ago Set Ott Nov Dic
Report for 2022 Agosto
MONTHLY CLIMATOLOGICAL SUMMARY for AUG. 2022 NAME: Borgovilla CITY: Barletta STATE: Italia ELEV: 34 m LAT: 41° 18' 00" N LONG: 16° 18' 00" E TEMPERATURE (°C), RAIN (mm), WIND SPEED (km/hr) HEAT COOL AVG MEAN DEG DEG WIND DOM DAY TEMP HIGH TIME LOW TIME DAYS DAYS RAIN SPEED HIGH TIME DIR ------------------------------------------------------------------------------------ 1 26.1 29.8 18:34 21.1 5:57 0.0 7.8 0.0 12.6 40.2 15:59 WSW 2 26.9 30.9 17:49 22.6 6:15 0.0 8.6 0.0 9.2 30.6 13:35 SW 3 27.1 29.8 15:33 23.6 2:01 0.0 8.7 0.0 10.3 30.6 3:55 SW 4 26.6 29.6 10:28 22.2 6:28 0.0 8.2 0.0 9.3 32.2 14:44 SSW 5 26.8 31.0 10:33 20.7 5:57 0.0 8.5 0.0 8.4 32.2 14:33 E 6 28.6 32.4 12:16 22.8 5:28 0.0 10.1 0.0 8.0 29.0 15:04 SW 7 28.4 31.7 17:31 25.3 5:35 0.0 10.1 0.0 12.1 32.2 16:44 SW 8 27.6 31.3 15:36 24.3 5:28 0.0 9.3 0.0 12.2 37.0 22:17 SW 9 26.1 30.2 13:04 22.7 23:01 0.0 7.8 0.0 13.5 48.3 19:52 SW 10 25.8 29.5 11:27 22.2 4:54 0.0 7.4 0.0 14.5 38.6 17:02 SW 11 25.6 29.7 11:48 22.3 5:46 0.0 7.3 0.0 12.6 33.8 10:28 SW 12 23.9 28.1 14:34 19.9 00:00 0.0 5.6 1.6 10.5 30.6 14:50 SW 13 22.4 28.1 15:36 18.2 6:24 0.0 4.1 2.0 12.6 41.8 16:38 SW 14 22.4 27.0 15:00 17.7 6:09 0.0 4.1 0.6 13.2 46.7 11:45 SW 15 25.9 30.5 11:30 19.7 3:52 0.0 7.6 0.0 9.7 33.8 16:58 E 16 26.7 29.9 16:20 20.2 6:57 0.0 8.4 1.2 10.0 88.5 4:41 E 17 26.9 30.2 15:59 22.4 5:51 0.0 8.6 0.0 9.0 29.0 12:57 E 18 28.4 34.1 19:23 23.6 2:58 0.0 10.1 0.0 6.8 38.6 14:14 E 19 27.8 33.3 13:26 24.1 23:57 0.0 9.5 0.2 10.5 48.3 13:49 WSW 20 24.9 28.8 18:57 20.1 5:50 0.0 6.7 0.0 11.9 33.8 10:15 SW 21 25.5 29.2 14:43 22.3 1:32 0.0 7.2 0.0 17.9 41.8 8:14 WSW 22 24.8 28.5 15:33 20.9 23:59 0.0 6.5 0.0 14.3 30.6 1:40 WSW 23 23.2 26.4 18:16 19.7 2:37 0.0 4.9 0.0 13.8 41.8 12:15 SW 24 24.2 27.5 17:50 20.9 6:15 0.0 5.9 0.0 13.5 32.2 12:02 WSW 25 25.1 29.8 16:20 21.1 3:38 0.0 6.8 0.0 12.2 33.8 4:41 SW 26 25.3 29.3 10:58 21.1 6:37 0.0 7.0 0.0 9.5 30.6 15:04 SW 27 25.9 30.1 17:24 22.4 6:41 0.0 7.6 0.0 8.7 37.0 17:30 SW 28 24.1 27.7 10:42 21.4 2:36 0.0 5.7 0.0 9.2 38.6 17:46 SW 29 23.5 27.6 12:47 20.6 6:26 0.0 5.2 0.0 8.4 53.1 13:31 SW 30 24.9 29.3 12:38 20.7 4:27 0.0 6.7 0.0 9.7 29.0 8:30 SW 31 25.6 28.9 10:49 20.7 6:48 0.0 7.2 0.0 9.7 27.4 14:17 SW ------------------------------------------------------------------------------------- 25.7 34.1 18 17.7 14 0.0 229.3 5.6 11.1 88.5 16 SW Max >= 32.0: 3 Max <= 0.0: 0 Min <= 0.0: 0 Min <= -18.0: 0 Max Rain: 2.01 ON 13/08/22 Days of Rain: 5 (> .2 mm) 1 (> 2 mm) 0 (> 20 mm) Heat Base: 18.3 Cool Base: 18.3 Method: Integration