Dati Storici Stazione Meteo - Stile NOAA
Seleziona il Report di un Mese o un Anno
2024: Gen Feb Mar Apr Mag Giu Lug Ago Set Ott Nov Dic
2023: Gen Feb Mar Apr Mag Giu Lug Ago Set Ott Nov Dic
2022: Gen Feb Mar Apr Mag Giu Lug Ago Set Ott Nov Dic
2021: Gen Feb Mar Apr Mag Giu Lug Ago Set Ott Nov Dic
2020: Gen Feb Mar Apr Mag Giu Lug Ago Set Ott Nov Dic
2019: Gen Feb Mar Apr Mag Giu Lug Ago Set Ott Nov Dic
2018: Gen Feb Mar Apr Mag Giu Lug Ago Set Ott Nov Dic
2024: Gen Feb Mar Apr Mag Giu Lug Ago Set Ott Nov Dic
2023: Gen Feb Mar Apr Mag Giu Lug Ago Set Ott Nov Dic
2022: Gen Feb Mar Apr Mag Giu Lug Ago Set Ott Nov Dic
2021: Gen Feb Mar Apr Mag Giu Lug Ago Set Ott Nov Dic
2020: Gen Feb Mar Apr Mag Giu Lug Ago Set Ott Nov Dic
2019: Gen Feb Mar Apr Mag Giu Lug Ago Set Ott Nov Dic
2018: Gen Feb Mar Apr Mag Giu Lug Ago Set Ott Nov Dic
Report for 2022 Luglio
MONTHLY CLIMATOLOGICAL SUMMARY for JUL. 2022 NAME: Borgovilla CITY: Barletta STATE: Italia ELEV: 34 m LAT: 41° 18' 00" N LONG: 16° 18' 00" E TEMPERATURE (°C), RAIN (mm), WIND SPEED (km/hr) HEAT COOL AVG MEAN DEG DEG WIND DOM DAY TEMP HIGH TIME LOW TIME DAYS DAYS RAIN SPEED HIGH TIME DIR ------------------------------------------------------------------------------------ 1 27.9 31.8 13:43 23.7 3:34 0.0 9.6 0.0 7.2 33.8 13:49 E 2 28.6 32.7 11:09 24.7 3:09 0.0 10.2 0.0 12.4 35.4 7:48 SW 3 28.4 33.3 14:31 23.9 6:23 0.0 10.1 0.0 9.8 32.2 15:43 SW 4 29.0 33.3 12:45 24.7 4:45 0.0 10.7 0.0 9.3 29.0 16:25 SW 5 28.2 32.7 13:43 23.2 4:58 0.0 9.8 0.0 7.6 30.6 14:13 NE 6 27.8 30.4 10:02 24.6 23:59 0.0 9.5 0.0 11.1 32.2 5:12 SW 7 26.5 29.6 19:25 22.6 5:45 0.0 8.2 0.4 10.1 33.8 21:38 SW 8 22.4 25.9 13:29 18.8 8:18 0.0 4.2 2.4 20.3 57.9 17:15 WSW 9 24.1 26.4 15:00 19.9 6:01 0.0 5.8 0.0 20.0 51.5 0:10 N 10 23.2 27.4 18:47 18.6 5:53 0.0 4.9 0.0 14.6 37.0 17:02 SW 11 23.3 26.4 14:53 19.1 5:49 0.0 5.0 0.0 10.0 27.4 1:50 SW 12 23.9 26.8 16:06 18.3 5:32 0.0 5.6 0.0 7.2 38.6 23:50 SW 13 22.8 26.8 18:44 17.8 5:36 0.0 4.5 2.8 10.3 35.4 2:40 SW 14 23.7 27.5 12:00 18.4 6:02 0.0 5.4 0.0 9.5 30.6 15:26 SW 15 26.2 32.1 17:09 18.6 4:50 0.0 7.9 0.0 7.7 24.1 12:17 SW 16 28.2 33.2 17:31 20.2 3:02 0.0 9.9 0.0 8.9 32.2 17:48 E 17 26.8 30.0 12:05 21.0 5:48 0.0 8.6 0.0 8.4 25.7 15:59 SW 18 26.7 30.1 10:28 23.7 23:59 0.0 8.4 0.0 11.3 33.8 14:42 SW 19 25.9 29.8 15:11 21.6 4:56 0.0 7.6 0.0 10.0 29.0 7:24 SW 20 25.1 28.9 18:14 19.0 5:33 0.0 6.8 0.0 9.0 27.4 16:32 SW 21 26.6 30.4 11:30 20.4 6:15 0.0 8.3 0.0 7.7 25.7 13:01 SSW 22 27.3 31.9 15:40 20.7 7:04 0.0 9.0 0.0 8.2 29.0 15:09 E 23 28.6 32.9 15:50 22.3 1:56 0.0 10.3 0.0 8.4 27.4 15:37 E 24 29.9 34.7 11:11 25.7 0:08 0.0 11.6 0.0 8.7 35.4 15:10 SW 25 29.6 34.4 10:54 24.9 4:43 0.0 11.2 0.0 9.2 32.2 15:05 SW 26 29.4 33.3 14:00 25.9 23:35 0.0 11.1 0.0 9.0 33.8 15:22 SW 27 27.2 31.8 13:27 21.7 23:59 0.0 8.9 2.2 9.7 57.9 19:11 SW 28 25.6 29.1 17:10 20.0 5:37 0.0 7.2 0.0 9.0 30.6 13:31 SW 29 27.2 29.7 9:58 23.2 6:37 0.0 8.9 0.0 7.6 32.2 13:33 E 30 27.9 33.3 11:47 24.1 6:22 0.0 9.6 0.0 10.3 35.4 14:53 NNE 31 27.2 30.4 18:23 23.6 23:51 0.0 8.9 0.0 13.7 37.0 16:39 WSW ------------------------------------------------------------------------------------- 26.6 34.7 24 17.8 13 0.0 257.7 7.8 10.2 57.9 8 SW Max >= 32.0: 11 Max <= 0.0: 0 Min <= 0.0: 0 Min <= -18.0: 0 Max Rain: 2.79 ON 13/07/22 Days of Rain: 4 (> .2 mm) 3 (> 2 mm) 0 (> 20 mm) Heat Base: 18.3 Cool Base: 18.3 Method: Integration