Dati Storici Stazione Meteo - Stile NOAA
Seleziona il Report di un Mese o un Anno
2024: Gen Feb Mar Apr Mag Giu Lug Ago Set Ott Nov Dic
2023: Gen Feb Mar Apr Mag Giu Lug Ago Set Ott Nov Dic
2022: Gen Feb Mar Apr Mag Giu Lug Ago Set Ott Nov Dic
2021: Gen Feb Mar Apr Mag Giu Lug Ago Set Ott Nov Dic
2020: Gen Feb Mar Apr Mag Giu Lug Ago Set Ott Nov Dic
2019: Gen Feb Mar Apr Mag Giu Lug Ago Set Ott Nov Dic
2018: Gen Feb Mar Apr Mag Giu Lug Ago Set Ott Nov Dic
2024: Gen Feb Mar Apr Mag Giu Lug Ago Set Ott Nov Dic
2023: Gen Feb Mar Apr Mag Giu Lug Ago Set Ott Nov Dic
2022: Gen Feb Mar Apr Mag Giu Lug Ago Set Ott Nov Dic
2021: Gen Feb Mar Apr Mag Giu Lug Ago Set Ott Nov Dic
2020: Gen Feb Mar Apr Mag Giu Lug Ago Set Ott Nov Dic
2019: Gen Feb Mar Apr Mag Giu Lug Ago Set Ott Nov Dic
2018: Gen Feb Mar Apr Mag Giu Lug Ago Set Ott Nov Dic
Report for 2022 Giugnio
MONTHLY CLIMATOLOGICAL SUMMARY for JUN. 2022 NAME: Borgovilla CITY: Barletta STATE: Italia ELEV: 34 m LAT: 41° 18' 00" N LONG: 16° 18' 00" E TEMPERATURE (°C), RAIN (mm), WIND SPEED (km/hr) HEAT COOL AVG MEAN DEG DEG WIND DOM DAY TEMP HIGH TIME LOW TIME DAYS DAYS RAIN SPEED HIGH TIME DIR ------------------------------------------------------------------------------------ 1 2 3 4 5 6 7 8 9 10 11 12 13 14 25.1 27.1 9:36 22.6 23:32 0.0 4.1 0.0 9.2 30.6 13:00 NE 15 23.9 28.2 10:39 19.8 5:20 0.0 5.6 0.0 9.8 32.2 7:24 SW 16 25.0 29.8 10:30 17.6 5:55 0.0 6.7 0.0 6.6 29.0 16:24 E 17 25.3 28.7 9:54 21.6 1:12 0.0 7.0 0.0 6.9 32.2 14:12 E 18 24.1 26.8 14:40 19.8 5:48 0.0 5.7 0.0 14.3 37.0 12:58 N 19 23.2 26.1 17:55 19.1 5:27 0.0 4.9 0.0 10.1 33.8 13:24 SW 20 25.2 29.7 16:06 18.3 4:55 0.0 6.9 0.0 7.2 29.0 14:44 E 21 27.4 30.4 12:28 22.7 1:53 0.0 9.1 0.0 11.9 30.6 8:16 SW 22 27.5 31.3 14:31 22.9 4:29 0.0 9.2 0.0 8.5 29.0 15:48 E 23 27.5 30.9 8:28 23.1 3:39 0.0 9.2 0.0 9.0 33.8 8:45 SW 24 29.2 33.7 18:03 25.1 3:10 0.0 10.9 0.0 9.8 40.2 22:30 E 25 27.9 30.7 9:35 25.8 5:48 0.0 9.7 0.0 12.7 43.5 1:52 WSW 26 26.8 30.5 19:02 20.8 5:29 0.0 8.5 0.0 7.9 32.2 13:00 E 27 28.7 32.9 18:24 23.2 4:23 0.0 10.4 0.0 8.9 33.8 15:25 E 28 30.3 36.3 17:33 23.9 6:20 0.0 12.0 0.0 6.6 32.2 12:42 E 29 29.1 34.4 14:19 24.7 1:27 0.0 10.8 0.0 7.4 33.8 15:56 NE 30 26.9 30.4 9:33 24.2 5:07 0.0 8.7 0.0 11.1 29.0 1:27 SW ------------------------------------------------------------------------------------- 26.7 36.3 28 17.6 16 0.0 139.2 0.0 9.3 43.5 25 SW Max >= 32.0: 4 Max <= 0.0: 0 Min <= 0.0: 0 Min <= -18.0: 0 Max Rain: 0.00 ON 01/06/22 Days of Rain: 0 (> .2 mm) 0 (> 2 mm) 0 (> 20 mm) Heat Base: 18.3 Cool Base: 18.3 Method: Integration