Dati Storici Stazione Meteo - Stile NOAA
Seleziona il Report di un Mese o un Anno
2024: Gen Feb Mar Apr Mag Giu Lug Ago Set Ott Nov Dic
2023: Gen Feb Mar Apr Mag Giu Lug Ago Set Ott Nov Dic
2022: Gen Feb Mar Apr Mag Giu Lug Ago Set Ott Nov Dic
2021: Gen Feb Mar Apr Mag Giu Lug Ago Set Ott Nov Dic
2020: Gen Feb Mar Apr Mag Giu Lug Ago Set Ott Nov Dic
2019: Gen Feb Mar Apr Mag Giu Lug Ago Set Ott Nov Dic
2018: Gen Feb Mar Apr Mag Giu Lug Ago Set Ott Nov Dic
2024: Gen Feb Mar Apr Mag Giu Lug Ago Set Ott Nov Dic
2023: Gen Feb Mar Apr Mag Giu Lug Ago Set Ott Nov Dic
2022: Gen Feb Mar Apr Mag Giu Lug Ago Set Ott Nov Dic
2021: Gen Feb Mar Apr Mag Giu Lug Ago Set Ott Nov Dic
2020: Gen Feb Mar Apr Mag Giu Lug Ago Set Ott Nov Dic
2019: Gen Feb Mar Apr Mag Giu Lug Ago Set Ott Nov Dic
2018: Gen Feb Mar Apr Mag Giu Lug Ago Set Ott Nov Dic
Report for 2022 Maggio
MONTHLY CLIMATOLOGICAL SUMMARY for MAY. 2022 NAME: Borgovilla CITY: Barletta STATE: Italia ELEV: 34 m LAT: 41° 18' 33" N LONG: 16° 15' 30" E TEMPERATURE (°C), RAIN (mm), WIND SPEED (km/hr) HEAT COOL AVG MEAN DEG DEG WIND DOM DAY TEMP HIGH TIME LOW TIME DAYS DAYS RAIN SPEED HIGH TIME DIR ------------------------------------------------------------------------------------ 1 15.2 18.9 15:35 11.5 5:03 3.1 0.0 0.0 9.0 40.2 15:19 SSW 2 15.8 19.3 13:44 12.2 23:53 2.6 0.0 0.0 9.2 33.8 17:29 SW 3 14.7 18.3 12:13 11.1 6:13 3.6 0.0 0.0 11.4 30.6 8:30 SW 4 13.9 19.0 17:17 8.8 5:56 4.4 0.0 0.0 7.6 27.4 12:33 S 5 15.7 20.5 19:22 10.8 5:56 2.6 0.0 0.0 7.7 41.8 16:39 E 6 16.6 17.9 15:50 15.3 8:08 1.7 0.0 1.4 14.0 51.5 14:33 E 7 16.7 18.7 16:25 14.7 4:18 1.6 0.0 5.0 10.8 37.0 10:52 E 8 16.5 18.8 13:51 14.2 5:56 1.8 0.0 9.6 8.9 48.3 14:06 E 9 17.0 20.6 13:47 13.4 1:52 1.3 0.0 0.0 6.9 22.5 14:03 SW 10 18.9 23.9 14:40 13.9 2:55 0.0 0.6 0.0 10.9 29.0 8:32 SW 11 19.4 23.8 10:52 15.0 5:23 0.0 1.1 0.0 10.1 30.6 16:16 SW 12 18.8 23.6 16:18 13.9 5:19 0.0 0.4 0.0 7.4 24.1 14:10 ESE 13 20.7 26.4 13:48 14.9 1:55 0.0 2.4 0.0 8.7 25.7 14:27 SW 14 22.7 27.1 11:04 18.3 5:18 0.0 4.4 0.0 13.0 32.2 8:57 SW 15 20.6 25.1 10:15 16.1 5:45 0.0 2.3 0.0 9.5 30.6 13:16 E 16 20.8 24.6 17:48 16.9 4:55 0.0 2.4 0.0 6.9 27.4 12:58 E 17 21.8 25.8 18:44 17.8 1:27 0.0 3.5 0.0 7.4 30.6 14:13 SW 18 21.3 24.4 12:39 18.1 5:11 0.0 2.9 0.0 16.1 37.0 14:30 N 19 17.6 22.6 15:00 12.7 23:25 0.7 0.0 0.0 9.5 29.0 2:02 NNE 20 18.4 26.5 16:11 10.3 5:27 0.0 0.1 0.0 8.0 29.0 17:15 SSW 21 23.4 27.8 10:42 19.1 0:01 0.0 5.1 0.0 11.3 32.2 8:08 SW 22 23.8 27.8 10:58 19.7 5:39 0.0 5.4 0.0 11.7 33.8 8:01 SW 23 22.8 26.8 14:44 18.9 5:06 0.0 4.5 0.0 9.0 27.4 8:08 SW 24 26.2 34.3 18:05 18.1 5:03 0.0 7.9 0.0 7.7 33.8 11:57 SW 25 26.3 31.5 15:37 21.0 3:45 0.0 7.9 0.0 6.6 27.4 14:32 NE 26 24.0 26.8 9:52 21.2 4:19 0.0 5.7 0.0 8.4 33.8 12:42 ENE 27 21.9 24.7 18:24 19.1 4:43 0.0 3.6 0.0 6.9 30.6 14:56 E 28 22.5 25.8 13:59 19.2 00:00 0.0 4.2 0.0 8.7 37.0 15:55 E 29 21.4 24.2 19:46 18.6 0:35 0.0 3.1 0.0 11.4 41.8 4:23 SW 30 21.7 25.6 14:39 17.8 6:04 0.0 3.4 0.0 11.3 41.8 13:24 SSW 31 22.6 27.4 9:18 17.8 4:28 0.0 4.3 0.0 6.8 32.2 14:21 NE ------------------------------------------------------------------------------------- 20.0 34.3 24 8.8 4 23.3 75.6 16.0 9.4 51.5 6 SW Max >= 32.0: 1 Max <= 0.0: 0 Min <= 0.0: 0 Min <= -18.0: 0 Max Rain: 9.60 ON 08/05/22 Days of Rain: 3 (> .2 mm) 2 (> 2 mm) 0 (> 20 mm) Heat Base: 18.3 Cool Base: 18.3 Method: (High + Low) / 2