Dati Storici Stazione Meteo - Stile NOAA
Seleziona il Report di un Mese o un Anno
2024: Gen Feb Mar Apr Mag Giu Lug Ago Set Ott Nov Dic
2023: Gen Feb Mar Apr Mag Giu Lug Ago Set Ott Nov Dic
2022: Gen Feb Mar Apr Mag Giu Lug Ago Set Ott Nov Dic
2021: Gen Feb Mar Apr Mag Giu Lug Ago Set Ott Nov Dic
2020: Gen Feb Mar Apr Mag Giu Lug Ago Set Ott Nov Dic
2019: Gen Feb Mar Apr Mag Giu Lug Ago Set Ott Nov Dic
2018: Gen Feb Mar Apr Mag Giu Lug Ago Set Ott Nov Dic
2024: Gen Feb Mar Apr Mag Giu Lug Ago Set Ott Nov Dic
2023: Gen Feb Mar Apr Mag Giu Lug Ago Set Ott Nov Dic
2022: Gen Feb Mar Apr Mag Giu Lug Ago Set Ott Nov Dic
2021: Gen Feb Mar Apr Mag Giu Lug Ago Set Ott Nov Dic
2020: Gen Feb Mar Apr Mag Giu Lug Ago Set Ott Nov Dic
2019: Gen Feb Mar Apr Mag Giu Lug Ago Set Ott Nov Dic
2018: Gen Feb Mar Apr Mag Giu Lug Ago Set Ott Nov Dic
Report for 2021 Novembre
MONTHLY CLIMATOLOGICAL SUMMARY for NOV. 2021 NAME: Borgovilla CITY: Barletta STATE: Italia ELEV: 34 m LAT: 41° 18' 33" N LONG: 16° 15' 30" E TEMPERATURE (°C), RAIN (mm), WIND SPEED (km/hr) HEAT COOL AVG MEAN DEG DEG WIND DOM DAY TEMP HIGH TIME LOW TIME DAYS DAYS RAIN SPEED HIGH TIME DIR ------------------------------------------------------------------------------------ 1 16.1 19.8 12:37 12.4 0:45 2.2 0.0 0.6 9.2 37.0 16:48 E 2 19.3 22.9 12:57 15.8 5:49 0.0 1.0 3.8 16.3 56.3 7:30 SW 3 17.6 21.6 23:41 13.7 2:41 0.7 0.0 1.8 12.1 48.3 13:56 SE 4 20.4 25.4 11:54 15.4 23:21 0.0 2.1 1.6 8.7 46.7 0:09 SE 5 15.5 16.9 17:55 14.0 23:15 2.8 0.0 0.0 7.9 25.7 18:22 SW 6 13.9 14.4 15:26 13.3 23:54 4.4 0.0 1.6 7.2 29.0 13:36 SW 7 14.9 16.6 17:30 13.3 0:01 3.4 0.0 0.0 3.7 16.1 0:44 SW 8 16.9 18.2 14:04 15.6 3:11 1.4 0.0 6.0 4.8 29.0 15:43 E 9 16.7 18.4 9:31 15.0 23:42 1.6 0.0 2.8 7.7 30.6 15:36 SW 10 16.7 18.3 11:44 15.1 0:01 1.6 0.0 0.0 5.3 24.1 2:40 SW 11 16.3 17.8 13:24 14.7 3:27 2.1 0.0 0.0 3.2 17.7 14:47 ENE 12 16.1 17.6 12:28 14.6 8:37 2.2 0.0 0.0 3.5 17.7 15:50 NNE 13 15.3 17.9 13:40 12.6 6:51 3.1 0.0 4.2 3.9 19.3 14:27 SE 14 15.7 18.7 14:24 12.6 2:08 2.6 0.0 0.4 3.9 27.4 15:34 WSW 15 13.8 17.2 23:57 10.4 6:16 4.5 0.0 20.4 4.7 30.6 21:05 S 16 18.1 20.9 13:23 15.3 6:56 0.2 0.0 0.4 11.9 51.5 4:26 E 17 14.9 17.4 12:18 12.3 7:44 3.4 0.0 0.2 6.8 24.1 11:03 SW 18 14.3 16.2 23:23 12.4 7:19 4.0 0.0 2.4 7.1 30.6 18:52 SW 19 14.3 17.0 14:11 11.5 19:37 4.1 0.0 0.0 13.4 33.8 11:14 SW 20 14.4 17.9 14:55 10.9 3:14 3.9 0.0 0.0 15.4 35.4 8:53 SW 21 13.2 18.6 14:08 7.8 4:34 5.1 0.0 0.0 6.0 24.1 0:31 ENE 22 13.8 17.4 11:26 10.2 4:46 4.5 0.0 0.0 4.2 17.7 11:47 S 23 14.0 16.3 13:29 11.7 0:56 4.3 0.0 5.6 5.8 19.3 9:25 SSW 24 13.0 14.5 14:03 11.5 23:57 5.3 0.0 1.4 7.6 25.7 10:19 SW 25 14.7 18.4 13:55 11.1 4:00 3.6 0.0 0.0 7.1 37.0 16:30 E 26 13.8 16.2 11:24 11.4 7:02 4.5 0.0 17.6 10.6 53.1 13:42 SW 27 13.3 15.6 11:50 11.1 00:00 5.0 0.0 0.0 8.0 49.9 3:16 SSE 28 13.3 15.9 14:54 10.6 0:07 5.0 0.0 0.0 13.5 43.5 14:59 SE 29 8.5 10.8 0:01 6.2 23:57 9.8 0.0 3.6 13.0 75.6 23:36 S 30 6.7 10.3 13:31 3.2 23:06 11.6 0.0 0.2 22.9 59.5 0:57 W ------------------------------------------------------------------------------------- 14.8 25.4 4 3.2 30 106.8 3.1 74.6 8.5 75.6 29 SW Max >= 32.0: 0 Max <= 0.0: 0 Min <= 0.0: 0 Min <= -18.0: 0 Max Rain: 20.40 ON 15/11/21 Days of Rain: 18 (> .2 mm) 9 (> 2 mm) 1 (> 20 mm) Heat Base: 18.3 Cool Base: 18.3 Method: (High + Low) / 2