Dati Storici Stazione Meteo - Stile NOAA
Seleziona il Report di un Mese o un Anno
2024: Gen Feb Mar Apr Mag Giu Lug Ago Set Ott Nov Dic
2023: Gen Feb Mar Apr Mag Giu Lug Ago Set Ott Nov Dic
2022: Gen Feb Mar Apr Mag Giu Lug Ago Set Ott Nov Dic
2021: Gen Feb Mar Apr Mag Giu Lug Ago Set Ott Nov Dic
2020: Gen Feb Mar Apr Mag Giu Lug Ago Set Ott Nov Dic
2019: Gen Feb Mar Apr Mag Giu Lug Ago Set Ott Nov Dic
2018: Gen Feb Mar Apr Mag Giu Lug Ago Set Ott Nov Dic
2024: Gen Feb Mar Apr Mag Giu Lug Ago Set Ott Nov Dic
2023: Gen Feb Mar Apr Mag Giu Lug Ago Set Ott Nov Dic
2022: Gen Feb Mar Apr Mag Giu Lug Ago Set Ott Nov Dic
2021: Gen Feb Mar Apr Mag Giu Lug Ago Set Ott Nov Dic
2020: Gen Feb Mar Apr Mag Giu Lug Ago Set Ott Nov Dic
2019: Gen Feb Mar Apr Mag Giu Lug Ago Set Ott Nov Dic
2018: Gen Feb Mar Apr Mag Giu Lug Ago Set Ott Nov Dic
Report for 2021 Agosto
MONTHLY CLIMATOLOGICAL SUMMARY for AUG. 2021 NAME: Borgovilla CITY: Barletta STATE: Italia ELEV: 34 m LAT: 41° 18' 33" N LONG: 16° 15' 30" E TEMPERATURE (°C), RAIN (mm), WIND SPEED (km/hr) HEAT COOL AVG MEAN DEG DEG WIND DOM DAY TEMP HIGH TIME LOW TIME DAYS DAYS RAIN SPEED HIGH TIME DIR ------------------------------------------------------------------------------------ 1 33.7 40.8 14:10 26.5 2:03 0.0 15.4 0.0 15.4 57.9 16:21 SW 2 28.3 32.4 1:29 24.2 23:44 0.0 10.0 0.0 13.5 40.2 8:41 SW 3 27.7 34.2 15:39 21.2 5:48 0.0 9.4 0.0 12.6 61.2 11:11 SW 4 27.8 32.6 23:29 23.1 4:12 0.0 9.5 0.0 10.0 38.6 15:50 E 5 29.4 34.0 12:23 24.8 23:54 0.0 11.1 0.0 21.1 61.2 12:51 SW 6 25.8 29.4 11:33 22.1 6:18 0.0 7.5 0.0 15.3 40.2 8:37 SW 7 26.7 31.1 17:49 22.2 5:32 0.0 8.4 0.0 10.3 38.6 16:05 E 8 30.9 38.0 18:38 23.8 4:20 0.0 12.6 0.0 6.1 43.5 20:04 ENE 9 30.3 34.9 11:32 25.6 23:51 0.0 12.0 0.0 11.6 33.8 14:24 SW 10 27.4 31.7 11:21 23.1 5:35 0.0 9.1 0.0 9.3 46.7 22:23 SW 11 28.2 34.3 13:35 22.1 23:54 0.0 9.9 2.6 10.8 69.2 21:19 SW 12 26.8 31.4 11:19 22.2 0:01 0.0 8.5 0.0 9.5 30.6 1:20 SW 13 27.9 32.4 11:18 23.3 6:06 0.0 9.6 0.0 8.7 24.1 13:55 SSW 14 28.1 32.9 10:45 23.3 1:06 0.0 9.8 0.0 9.2 24.1 15:15 SSW 15 27.8 33.1 15:04 22.4 4:10 0.0 9.4 0.0 8.0 24.1 12:26 SSW 16 30.9 36.1 19:07 25.8 4:30 0.0 12.6 0.0 7.2 33.8 14:32 SSE 17 29.4 34.1 12:15 24.7 7:13 0.0 11.1 0.0 11.4 38.6 16:00 NNE 18 26.4 29.3 11:42 23.6 6:57 0.0 8.1 0.0 14.8 38.6 17:09 SW 19 25.4 28.4 12:29 22.4 23:50 0.0 7.1 0.0 11.7 32.2 14:39 SW 20 25.7 30.0 13:18 21.4 6:51 0.0 7.4 0.0 11.3 43.5 21:05 SW 21 25.4 29.6 12:22 21.1 5:10 0.0 7.1 0.0 12.2 38.6 14:57 SW 22 25.1 30.0 11:30 20.2 6:46 0.0 6.8 0.0 10.0 25.7 1:00 SW 23 27.8 33.2 11:50 22.3 2:57 0.0 9.5 0.0 11.1 40.2 23:38 SW 24 25.5 28.5 11:32 22.5 6:32 0.0 7.2 0.0 12.2 35.4 0:09 SW 25 24.3 27.2 12:10 21.4 2:18 0.0 6.0 0.6 9.0 29.0 15:03 SSW 26 22.9 25.7 13:31 20.0 23:57 0.0 4.6 0.4 6.8 27.4 12:23 SSW 27 25.6 31.9 15:23 19.4 2:12 0.0 7.3 0.0 11.3 48.3 11:05 S 28 23.4 27.4 13:59 19.5 23:59 0.0 5.1 12.2 12.6 41.8 14:43 SW 29 21.6 25.5 15:38 17.7 6:22 0.0 3.3 0.0 13.7 38.6 10:12 SW 30 21.6 25.7 15:03 17.6 5:52 0.0 3.3 0.0 11.1 32.2 15:46 SW 31 22.2 26.8 15:39 17.6 3:46 0.0 3.9 0.0 8.9 29.0 8:57 SSW ------------------------------------------------------------------------------------- 26.8 40.8 1 17.6 30 0.0 262.6 15.8 11.2 69.2 11 SW Max >= 32.0: 14 Max <= 0.0: 0 Min <= 0.0: 0 Min <= -18.0: 0 Max Rain: 12.19 ON 28/08/21 Days of Rain: 4 (> .2 mm) 2 (> 2 mm) 0 (> 20 mm) Heat Base: 18.3 Cool Base: 18.3 Method: (High + Low) / 2