Dati Storici Stazione Meteo - Stile NOAA
Seleziona il Report di un Mese o un Anno
2024: Gen Feb Mar Apr Mag Giu Lug Ago Set Ott Nov Dic
2023: Gen Feb Mar Apr Mag Giu Lug Ago Set Ott Nov Dic
2022: Gen Feb Mar Apr Mag Giu Lug Ago Set Ott Nov Dic
2021: Gen Feb Mar Apr Mag Giu Lug Ago Set Ott Nov Dic
2020: Gen Feb Mar Apr Mag Giu Lug Ago Set Ott Nov Dic
2019: Gen Feb Mar Apr Mag Giu Lug Ago Set Ott Nov Dic
2018: Gen Feb Mar Apr Mag Giu Lug Ago Set Ott Nov Dic
2024: Gen Feb Mar Apr Mag Giu Lug Ago Set Ott Nov Dic
2023: Gen Feb Mar Apr Mag Giu Lug Ago Set Ott Nov Dic
2022: Gen Feb Mar Apr Mag Giu Lug Ago Set Ott Nov Dic
2021: Gen Feb Mar Apr Mag Giu Lug Ago Set Ott Nov Dic
2020: Gen Feb Mar Apr Mag Giu Lug Ago Set Ott Nov Dic
2019: Gen Feb Mar Apr Mag Giu Lug Ago Set Ott Nov Dic
2018: Gen Feb Mar Apr Mag Giu Lug Ago Set Ott Nov Dic
Report for 2021 Maggio
MONTHLY CLIMATOLOGICAL SUMMARY for MAY. 2021 NAME: Borgovilla CITY: Barletta STATE: Italia ELEV: 34 m LAT: 41° 18' 33" N LONG: 16° 15' 30" E TEMPERATURE (°C), RAIN (mm), WIND SPEED (km/hr) HEAT COOL AVG MEAN DEG DEG WIND DOM DAY TEMP HIGH TIME LOW TIME DAYS DAYS RAIN SPEED HIGH TIME DIR ------------------------------------------------------------------------------------ 1 22.0 28.8 13:42 15.2 3:02 0.0 3.7 0.0 7.7 53.1 20:09 SW 2 21.2 25.4 13:56 17.0 23:57 0.0 2.9 0.0 22.0 67.6 18:30 SW 3 15.4 19.7 12:00 11.2 00:00 2.9 0.0 0.0 13.2 51.5 1:46 SW 4 14.6 18.9 14:24 10.3 0:40 3.7 0.0 0.4 9.5 35.4 16:11 SSW 5 18.7 24.3 15:26 13.2 5:51 0.0 0.4 0.0 14.8 53.1 13:24 SW 6 20.2 25.9 14:39 14.5 4:16 0.0 1.9 0.0 17.9 57.9 11:18 SW 7 22.2 27.7 16:44 16.7 5:55 0.0 3.9 0.0 22.0 54.7 22:57 SW 8 17.2 19.8 16:26 14.7 00:00 1.1 0.0 0.0 13.4 41.8 0:55 SW 9 16.9 21.8 10:07 12.0 5:15 1.4 0.0 0.0 9.2 30.6 7:55 SW 10 17.1 22.1 18:32 12.2 5:00 1.2 0.0 0.0 9.0 35.4 14:22 SSW 11 19.1 24.2 14:41 14.1 6:29 0.0 0.8 0.0 8.0 37.0 14:55 E 12 20.9 25.3 15:02 16.6 23:57 0.0 2.6 0.0 18.0 54.7 11:18 SW 13 19.8 23.7 17:32 15.9 2:25 0.0 1.5 0.0 23.7 59.5 12:29 SW 14 18.2 21.9 13:09 14.4 6:10 0.1 0.0 0.0 12.7 45.1 8:54 E 15 16.8 20.4 18:13 13.2 5:17 1.5 0.0 3.2 14.5 46.7 9:27 SW 16 19.8 25.4 14:49 14.2 1:46 0.0 1.5 0.0 14.3 56.3 12:21 SW 17 21.5 28.1 14:57 14.9 6:07 0.0 3.2 0.0 18.7 67.6 16:02 SW 18 19.0 22.6 13:03 15.4 5:33 0.0 0.7 0.0 13.2 33.8 0:21 SW 19 19.5 25.1 15:29 13.9 2:44 0.0 1.2 0.0 24.0 70.8 16:57 SW 20 16.4 19.7 14:17 13.1 5:24 1.9 0.0 0.0 22.9 54.7 16:01 NW 21 16.2 20.8 18:33 11.6 5:45 2.1 0.0 0.0 12.9 30.6 2:14 SW 22 20.8 27.3 19:19 14.2 2:31 0.0 2.4 0.0 9.8 43.5 12:14 SSE 23 23.5 29.0 11:55 17.9 2:41 0.0 5.2 0.0 6.9 33.8 10:00 E 24 23.2 30.7 17:45 15.8 6:06 0.0 4.9 0.0 8.2 37.0 15:54 SW 25 21.8 25.2 0:57 18.3 4:57 0.0 3.4 0.0 11.9 41.8 9:36 NE 26 20.6 24.8 12:51 16.5 23:53 0.0 2.3 0.0 11.3 37.0 14:31 SW 27 18.9 23.1 13:39 14.8 3:15 0.0 0.6 0.0 10.6 32.2 14:45 SW 28 20.5 24.0 10:56 17.0 23:33 0.0 2.2 0.0 14.5 37.0 10:37 SW 29 19.0 23.1 10:04 14.9 6:03 0.0 0.7 0.0 9.8 30.6 13:31 SW 30 18.0 21.3 18:25 14.8 23:57 0.3 0.0 0.2 11.3 33.8 10:55 SW 31 17.5 21.0 15:50 14.0 2:02 0.8 0.0 0.0 15.3 38.6 16:10 SW ------------------------------------------------------------------------------------- 19.2 30.7 24 10.3 4 16.9 46.2 3.8 13.9 70.8 19 SW Max >= 32.0: 0 Max <= 0.0: 0 Min <= 0.0: 0 Min <= -18.0: 0 Max Rain: 3.20 ON 15/05/21 Days of Rain: 3 (> .2 mm) 1 (> 2 mm) 0 (> 20 mm) Heat Base: 18.3 Cool Base: 18.3 Method: (High + Low) / 2