Dati Storici Stazione Meteo - Stile NOAA
Seleziona il Report di un Mese o un Anno
2024: Gen Feb Mar Apr Mag Giu Lug Ago Set Ott Nov Dic
2023: Gen Feb Mar Apr Mag Giu Lug Ago Set Ott Nov Dic
2022: Gen Feb Mar Apr Mag Giu Lug Ago Set Ott Nov Dic
2021: Gen Feb Mar Apr Mag Giu Lug Ago Set Ott Nov Dic
2020: Gen Feb Mar Apr Mag Giu Lug Ago Set Ott Nov Dic
2019: Gen Feb Mar Apr Mag Giu Lug Ago Set Ott Nov Dic
2018: Gen Feb Mar Apr Mag Giu Lug Ago Set Ott Nov Dic
2024: Gen Feb Mar Apr Mag Giu Lug Ago Set Ott Nov Dic
2023: Gen Feb Mar Apr Mag Giu Lug Ago Set Ott Nov Dic
2022: Gen Feb Mar Apr Mag Giu Lug Ago Set Ott Nov Dic
2021: Gen Feb Mar Apr Mag Giu Lug Ago Set Ott Nov Dic
2020: Gen Feb Mar Apr Mag Giu Lug Ago Set Ott Nov Dic
2019: Gen Feb Mar Apr Mag Giu Lug Ago Set Ott Nov Dic
2018: Gen Feb Mar Apr Mag Giu Lug Ago Set Ott Nov Dic
Report for 2021 Luglio
MONTHLY CLIMATOLOGICAL SUMMARY for JUL. 2021 NAME: Borgovilla CITY: Barletta STATE: Italia ELEV: 34 m LAT: 41° 18' 33" N LONG: 16° 15' 30" E TEMPERATURE (°C), RAIN (mm), WIND SPEED (km/hr) HEAT COOL AVG MEAN DEG DEG WIND DOM DAY TEMP HIGH TIME LOW TIME DAYS DAYS RAIN SPEED HIGH TIME DIR ------------------------------------------------------------------------------------ 1 26.8 30.1 10:45 23.4 00:00 0.0 8.4 0.0 14.2 45.1 4:31 SW 2 25.1 28.1 19:52 22.2 3:39 0.0 6.8 0.0 12.1 33.8 14:05 SW 3 25.7 28.7 10:18 22.7 5:44 0.0 7.4 0.0 12.2 32.2 7:22 SW 4 27.6 31.8 11:16 23.3 3:51 0.0 9.3 0.0 10.5 37.0 14:11 S 5 25.6 28.2 10:23 23.0 2:41 0.0 7.3 0.0 14.5 38.6 21:53 SW 6 24.6 28.3 10:58 20.9 5:15 0.0 6.3 0.0 10.6 30.6 0:30 SW 7 26.1 31.4 16:53 20.7 5:40 0.0 7.8 0.0 6.9 35.4 15:48 E 8 27.7 33.8 20:12 21.6 5:20 0.0 9.4 0.0 8.2 35.4 16:30 E 9 29.1 33.1 11:35 25.2 23:35 0.0 10.8 0.0 12.9 40.2 15:02 SW 10 26.4 30.1 10:57 22.8 4:47 0.0 8.1 0.0 13.0 35.4 8:40 SW 11 26.7 30.7 10:47 22.8 4:35 0.0 8.4 0.0 11.3 32.2 14:39 SW 12 27.2 30.6 18:35 23.9 6:18 0.0 8.9 0.0 10.8 30.6 15:01 SW 13 28.4 33.4 16:45 23.3 6:24 0.0 10.1 0.0 7.1 30.6 15:23 E 14 28.2 33.1 16:14 23.2 00:00 0.0 9.9 0.0 15.4 43.5 17:47 SW 15 24.5 28.3 12:50 20.7 3:51 0.0 6.2 0.0 15.4 43.5 1:57 SW 16 24.8 28.4 12:47 21.1 22:56 0.0 6.5 0.0 15.1 35.4 3:04 SW 17 22.9 26.2 11:30 19.6 22:54 0.0 4.6 4.4 14.8 40.2 10:55 SW 18 22.8 27.1 12:39 18.6 6:14 0.0 4.5 0.0 11.7 30.6 13:23 SW 19 24.4 27.9 13:03 20.8 7:19 0.0 6.1 0.0 15.9 41.8 12:02 SW 20 25.3 29.0 19:06 21.6 4:43 0.0 7.0 0.0 11.9 30.6 16:26 SW 21 25.8 30.3 19:52 21.2 4:04 0.0 7.4 0.0 10.9 33.8 7:22 SW 22 24.1 27.7 18:31 20.6 6:01 0.0 5.8 0.0 9.5 27.4 14:03 SSW 23 24.7 30.1 11:05 19.3 6:21 0.0 6.4 0.0 7.4 30.6 13:18 SSW 24 26.4 30.8 12:04 22.1 5:01 0.0 8.1 0.0 7.2 30.6 17:50 E 25 29.4 35.9 17:23 22.9 7:05 0.0 11.1 0.0 6.1 32.2 14:21 ENE 26 31.1 38.0 13:40 24.1 5:52 0.0 12.8 0.0 6.6 30.6 11:12 SW 27 30.4 36.7 12:12 24.2 4:17 0.0 12.1 0.0 8.0 32.2 15:19 S 28 31.7 39.2 17:53 24.2 5:58 0.0 13.4 0.0 7.2 29.0 17:23 E 29 33.3 39.2 13:33 27.4 6:12 0.0 15.0 0.0 11.9 43.5 12:12 SW 30 29.5 33.9 11:54 25.1 5:51 0.0 11.2 0.0 11.3 33.8 8:30 SW 31 29.4 36.4 17:42 22.5 3:44 0.0 11.1 0.0 9.3 40.2 15:58 S ------------------------------------------------------------------------------------- 27.0 39.2 28 18.6 18 0.0 268.4 4.4 11.0 45.1 1 SW Max >= 32.0: 11 Max <= 0.0: 0 Min <= 0.0: 0 Min <= -18.0: 0 Max Rain: 4.39 ON 17/07/21 Days of Rain: 1 (> .2 mm) 1 (> 2 mm) 0 (> 20 mm) Heat Base: 18.3 Cool Base: 18.3 Method: (High + Low) / 2