Dati Storici Stazione Meteo - Stile NOAA
Seleziona il Report di un Mese o un Anno
2024: Gen Feb Mar Apr Mag Giu Lug Ago Set Ott Nov Dic
2023: Gen Feb Mar Apr Mag Giu Lug Ago Set Ott Nov Dic
2022: Gen Feb Mar Apr Mag Giu Lug Ago Set Ott Nov Dic
2021: Gen Feb Mar Apr Mag Giu Lug Ago Set Ott Nov Dic
2020: Gen Feb Mar Apr Mag Giu Lug Ago Set Ott Nov Dic
2019: Gen Feb Mar Apr Mag Giu Lug Ago Set Ott Nov Dic
2018: Gen Feb Mar Apr Mag Giu Lug Ago Set Ott Nov Dic
2024: Gen Feb Mar Apr Mag Giu Lug Ago Set Ott Nov Dic
2023: Gen Feb Mar Apr Mag Giu Lug Ago Set Ott Nov Dic
2022: Gen Feb Mar Apr Mag Giu Lug Ago Set Ott Nov Dic
2021: Gen Feb Mar Apr Mag Giu Lug Ago Set Ott Nov Dic
2020: Gen Feb Mar Apr Mag Giu Lug Ago Set Ott Nov Dic
2019: Gen Feb Mar Apr Mag Giu Lug Ago Set Ott Nov Dic
2018: Gen Feb Mar Apr Mag Giu Lug Ago Set Ott Nov Dic
Report for 2021 Giugnio
MONTHLY CLIMATOLOGICAL SUMMARY for JUN. 2021 NAME: Borgovilla CITY: Barletta STATE: Italia ELEV: 34 m LAT: 41° 18' 33" N LONG: 16° 15' 30" E TEMPERATURE (°C), RAIN (mm), WIND SPEED (km/hr) HEAT COOL AVG MEAN DEG DEG WIND DOM DAY TEMP HIGH TIME LOW TIME DAYS DAYS RAIN SPEED HIGH TIME DIR ------------------------------------------------------------------------------------ 1 17.3 21.2 11:45 13.4 5:26 1.0 0.0 0.0 15.3 38.6 9:46 SW 2 17.0 23.8 15:19 10.2 5:40 1.3 0.0 0.0 8.5 32.2 16:48 S 3 18.7 25.7 17:06 11.8 4:21 0.0 0.4 0.0 7.6 24.1 14:59 ENE 4 20.8 25.6 16:02 16.0 5:34 0.0 2.5 0.0 8.5 29.0 14:24 SSW 5 23.1 28.0 18:47 18.1 0:56 0.0 4.8 0.0 7.6 30.6 8:32 SSW 6 23.9 26.9 10:53 20.8 1:49 0.0 5.6 0.0 9.8 32.2 19:18 SW 7 20.7 23.7 16:55 17.6 5:59 0.0 2.4 1.2 7.1 27.4 9:27 NE 8 20.3 23.8 11:33 16.8 6:04 0.0 2.0 0.0 9.0 27.4 14:43 SW 9 22.8 26.0 18:44 19.6 23:48 0.0 4.5 0.0 11.3 35.4 14:40 SW 10 23.5 27.4 19:11 19.5 0:23 0.0 5.2 0.0 10.8 29.0 14:08 SW 11 23.4 27.4 11:23 19.3 3:05 0.0 5.1 0.0 13.5 32.2 6:22 SW 12 22.8 26.4 13:01 19.1 4:19 0.0 4.4 0.0 12.6 37.0 6:25 SW 13 24.0 29.7 12:31 18.3 4:19 0.0 5.7 0.0 13.0 35.4 8:43 SW 14 20.8 24.5 10:31 17.1 4:52 0.0 2.5 0.0 10.5 41.8 19:44 SW 15 19.5 23.8 15:07 15.2 5:11 0.0 1.2 0.0 9.3 32.2 15:11 NNE 16 20.3 24.3 17:03 16.3 5:26 0.0 2.0 0.0 9.3 27.4 14:21 SW 17 21.3 27.2 13:23 15.4 6:14 0.0 3.0 0.0 9.3 27.4 14:04 E 18 23.0 28.3 14:55 17.7 5:46 0.0 4.7 0.0 6.0 29.0 15:29 NE 19 25.9 30.7 10:37 21.1 2:47 0.0 7.6 0.0 10.8 30.6 12:12 SSW 20 28.0 31.9 11:44 24.1 3:33 0.0 9.7 0.0 10.9 33.8 7:40 SW 21 30.1 36.6 12:57 23.7 6:26 0.0 11.8 0.0 6.6 46.7 11:30 ENE 22 30.9 36.7 13:39 25.2 23:42 0.0 12.6 0.0 8.5 33.8 13:59 ENE 23 28.2 33.7 18:50 22.7 5:02 0.0 9.9 0.0 8.9 29.0 13:02 SW 24 33.0 39.2 12:50 26.8 5:25 0.0 14.7 0.0 8.7 41.8 12:17 SW 25 31.5 35.8 18:21 27.3 5:53 0.0 13.2 0.0 10.8 32.2 6:25 SW 26 27.0 30.4 10:52 23.6 5:55 0.0 8.7 0.0 9.7 30.6 8:01 NNE 27 25.3 29.2 16:00 21.3 3:57 0.0 6.9 0.0 8.5 30.6 13:46 E 28 25.6 29.9 19:51 21.2 4:33 0.0 7.3 0.0 9.0 46.7 15:46 SSW 29 28.4 35.3 11:03 21.6 6:38 0.0 10.1 0.0 9.8 33.8 13:02 E 30 28.4 32.7 19:21 24.0 3:59 0.0 10.1 0.0 12.1 40.2 23:48 SW ------------------------------------------------------------------------------------- 24.2 39.2 24 10.2 2 2.3 178.5 1.2 9.8 46.7 21 SW Max >= 32.0: 7 Max <= 0.0: 0 Min <= 0.0: 0 Min <= -18.0: 0 Max Rain: 1.19 ON 07/06/21 Days of Rain: 1 (> .2 mm) 0 (> 2 mm) 0 (> 20 mm) Heat Base: 18.3 Cool Base: 18.3 Method: (High + Low) / 2